{"id":10681,"date":"2020-01-15T14:27:56","date_gmt":"2020-01-15T13:27:56","guid":{"rendered":"https:\/\/www.encompagniedesperdrix.fr\/wp-content\/uploads\/2020\/01\/cape-chale-legere-pour-la-mariee.jpg"},"modified":"2020-01-23T17:34:13","modified_gmt":"2020-01-23T16:34:13","slug":"cape-chale-legere-pour-la-mariee-2","status":"inherit","type":"attachment","link":"https:\/\/mariellemaury.fr\/en\/cape-chale-legere-pour-la-mariee-2\/","title":{"rendered":"cape-chale-legere-pour-la-mariee"},"author":1,"featured_media":0,"comment_status":"closed","ping_status":"closed","template":"","meta":{"om_disable_all_campaigns":false,"_monsterinsights_skip_tracking":false,"_monsterinsights_sitenote_active":false,"_monsterinsights_sitenote_note":"","_monsterinsights_sitenote_category":0},"class_list":["post-10681","attachment","type-attachment","status-inherit","hentry"],"aioseo_notices":[],"description":{"rendered":"<p class=\"attachment\"><a href='https:\/\/mariellemaury.fr\/wp-content\/uploads\/2020\/01\/cape-chale-legere-pour-la-mariee.jpg'><img loading=\"lazy\" decoding=\"async\" width=\"229\" height=\"300\" src=\"https:\/\/mariellemaury.fr\/wp-content\/uploads\/2020\/01\/cape-chale-legere-pour-la-mariee-229x300.jpg\" class=\"attachment-medium size-medium\" alt=\"cape courte et l\u00e9g\u00e8re pour mari\u00e9e\" srcset=\"https:\/\/mariellemaury.fr\/wp-content\/uploads\/2020\/01\/cape-chale-legere-pour-la-mariee-229x300.jpg 229w, https:\/\/mariellemaury.fr\/wp-content\/uploads\/2020\/01\/cape-chale-legere-pour-la-mariee-38x50.jpg 38w, https:\/\/mariellemaury.fr\/wp-content\/uploads\/2020\/01\/cape-chale-legere-pour-la-mariee-50x65.jpg 50w, https:\/\/mariellemaury.fr\/wp-content\/uploads\/2020\/01\/cape-chale-legere-pour-la-mariee.jpg 373w\" sizes=\"auto, (max-width: 229px) 100vw, 229px\" \/><\/a><\/p>\n"},"caption":{"rendered":"<p>Cape Frisson<\/p>\n<p><a href=\"https:\/\/mariellemaury.fr\/en\/cape-chale-legere-pour-la-mariee-2\/\" class=\"more-link style3-button\">Read More<\/a><\/p>"},"alt_text":"cape courte et l\u00e9g\u00e8re pour mari\u00e9e","media_type":"image","mime_type":"image\/jpeg","media_details":{"width":373,"height":488,"file":"2020\/01\/cape-chale-legere-pour-la-mariee.jpg","filesize":19846,"sizes":{"woocommerce_thumbnail":{"file":"cape-chale-legere-pour-la-mariee-255x360.jpg","width":255,"height":360,"filesize":16095,"uncropped":false,"mime_type":"image\/jpeg","source_url":"https:\/\/mariellemaury.fr\/wp-content\/uploads\/2020\/01\/cape-chale-legere-pour-la-mariee-255x360.jpg"},"woocommerce_gallery_thumbnail":{"file":"cape-chale-legere-pour-la-mariee-100x100.jpg","width":100,"height":100,"filesize":3019,"mime_type":"image\/jpeg","source_url":"https:\/\/mariellemaury.fr\/wp-content\/uploads\/2020\/01\/cape-chale-legere-pour-la-mariee-100x100.jpg"},"medium":{"file":"cape-chale-legere-pour-la-mariee-229x300.jpg","width":"229","height":"300","mime_type":"image\/jpeg","source_url":"https:\/\/mariellemaury.fr\/wp-content\/uploads\/2020\/01\/cape-chale-legere-pour-la-mariee-229x300.jpg"},"thumbnail":{"file":"cape-chale-legere-pour-la-mariee-150x150.jpg","width":"150","height":"150","mime_type":"image\/jpeg","source_url":"https:\/\/mariellemaury.fr\/wp-content\/uploads\/2020\/01\/cape-chale-legere-pour-la-mariee-150x150.jpg"},"blog-image-2":{"file":"cape-chale-legere-pour-la-mariee-330x270.jpg","width":"330","height":"270","mime_type":"image\/jpeg","source_url":"https:\/\/mariellemaury.fr\/wp-content\/uploads\/2020\/01\/cape-chale-legere-pour-la-mariee-330x270.jpg"},"carousel-thumb":{"file":"cape-chale-legere-pour-la-mariee-38x50.jpg","width":"38","height":"50","mime_type":"image\/jpeg","source_url":"https:\/\/mariellemaury.fr\/wp-content\/uploads\/2020\/01\/cape-chale-legere-pour-la-mariee-38x50.jpg"},"portfolio":{"file":"cape-chale-legere-pour-la-mariee-373x406.jpg","width":"373","height":"406","mime_type":"image\/jpeg","source_url":"https:\/\/mariellemaury.fr\/wp-content\/uploads\/2020\/01\/cape-chale-legere-pour-la-mariee-373x406.jpg"},"gallery":{"file":"cape-chale-legere-pour-la-mariee-373x385.jpg","width":"373","height":"385","mime_type":"image\/jpeg","source_url":"https:\/\/mariellemaury.fr\/wp-content\/uploads\/2020\/01\/cape-chale-legere-pour-la-mariee-373x385.jpg"},"3col-gallery-wide-width":{"file":"cape-chale-legere-pour-la-mariee-373x350.jpg","width":"373","height":"350","mime_type":"image\/jpeg","source_url":"https:\/\/mariellemaury.fr\/wp-content\/uploads\/2020\/01\/cape-chale-legere-pour-la-mariee-373x350.jpg"},"tatsu_lazyload_thumb":{"file":"cape-chale-legere-pour-la-mariee-50x65.jpg","width":"50","height":"65","mime_type":"image\/jpeg","source_url":"https:\/\/mariellemaury.fr\/wp-content\/uploads\/2020\/01\/cape-chale-legere-pour-la-mariee-50x65.jpg"},"shop_catalog":{"file":"cape-chale-legere-pour-la-mariee-300x300.jpg","width":"300","height":"300","mime_type":"image\/jpeg","source_url":"https:\/\/mariellemaury.fr\/wp-content\/uploads\/2020\/01\/cape-chale-legere-pour-la-mariee-300x300.jpg"},"shop_thumbnail":{"file":"cape-chale-legere-pour-la-mariee-100x100.jpg","width":"100","height":"100","mime_type":"image\/jpeg","source_url":"https:\/\/mariellemaury.fr\/wp-content\/uploads\/2020\/01\/cape-chale-legere-pour-la-mariee-100x100.jpg"},"full":{"file":"cape-chale-legere-pour-la-mariee.jpg","width":373,"height":488,"mime_type":"image\/jpeg","source_url":"https:\/\/mariellemaury.fr\/wp-content\/uploads\/2020\/01\/cape-chale-legere-pour-la-mariee.jpg"}},"image_meta":{"aperture":"0","credit":"","camera":"","caption":"","created_timestamp":"0","copyright":"","focal_length":"0","iso":"0","shutter_speed":"0","title":"","orientation":"0","keywords":[]}},"post":null,"source_url":"https:\/\/mariellemaury.fr\/wp-content\/uploads\/2020\/01\/cape-chale-legere-pour-la-mariee.jpg","_links":{"self":[{"href":"https:\/\/mariellemaury.fr\/en\/wp-json\/wp\/v2\/media\/10681","targetHints":{"allow":["GET"]}}],"collection":[{"href":"https:\/\/mariellemaury.fr\/en\/wp-json\/wp\/v2\/media"}],"about":[{"href":"https:\/\/mariellemaury.fr\/en\/wp-json\/wp\/v2\/types\/attachment"}],"author":[{"embeddable":true,"href":"https:\/\/mariellemaury.fr\/en\/wp-json\/wp\/v2\/users\/1"}],"replies":[{"embeddable":true,"href":"https:\/\/mariellemaury.fr\/en\/wp-json\/wp\/v2\/comments?post=10681"}]}}

<p class="attachment"><a href='https://mariellemaury.fr/wp-content/uploads/2020/01/cape-chale-legere-pour-la-mariee.jpg'><img loading="lazy" decoding="async" width="229" height="300" src="https://mariellemaury.fr/wp-content/uploads/2020/01/cape-chale-legere-pour-la-mariee-229x300.jpg" class="attachment-medium size-medium" alt="cape courte et légère pour mariée" srcset="https://mariellemaury.fr/wp-content/uploads/2020/01/cape-chale-legere-pour-la-mariee-229x300.jpg 229w, https://mariellemaury.fr/wp-content/uploads/2020/01/cape-chale-legere-pour-la-mariee-38x50.jpg 38w, https://mariellemaury.fr/wp-content/uploads/2020/01/cape-chale-legere-pour-la-mariee-50x65.jpg 50w, https://mariellemaury.fr/wp-content/uploads/2020/01/cape-chale-legere-pour-la-mariee.jpg 373w" sizes="auto, (max-width: 229px) 100vw, 229px" /></a></p>

cape courte et légère pour mariée
