{"id":12753,"date":"2020-09-08T12:56:28","date_gmt":"2020-09-08T10:56:28","guid":{"rendered":"https:\/\/www.encompagniedesperdrix.fr\/wp-content\/uploads\/2020\/09\/robe-mariee-montpellier-automne-6.jpg"},"modified":"2020-09-08T21:36:37","modified_gmt":"2020-09-08T19:36:37","slug":"robe-mariee-montpellier-automne-6-2","status":"inherit","type":"attachment","link":"https:\/\/mariellemaury.fr\/en\/robe-mariee-montpellier-automne-6-2\/","title":{"rendered":"robe-mariee-montpellier-automne-6"},"author":1,"featured_media":0,"comment_status":"closed","ping_status":"closed","template":"","meta":{"om_disable_all_campaigns":false,"_monsterinsights_skip_tracking":false,"_monsterinsights_sitenote_active":false,"_monsterinsights_sitenote_note":"","_monsterinsights_sitenote_category":0},"class_list":["post-12753","attachment","type-attachment","status-inherit","hentry"],"aioseo_notices":[],"description":{"rendered":"<p class=\"attachment\"><a href='https:\/\/mariellemaury.fr\/wp-content\/uploads\/2020\/09\/robe-mariee-montpellier-automne-6.jpg'><img loading=\"lazy\" decoding=\"async\" width=\"300\" height=\"200\" src=\"https:\/\/mariellemaury.fr\/wp-content\/uploads\/2020\/09\/robe-mariee-montpellier-automne-6-300x200.jpg\" class=\"attachment-medium size-medium\" alt=\"robe de mariage en automne Paris\" srcset=\"https:\/\/mariellemaury.fr\/wp-content\/uploads\/2020\/09\/robe-mariee-montpellier-automne-6-300x200.jpg 300w, https:\/\/mariellemaury.fr\/wp-content\/uploads\/2020\/09\/robe-mariee-montpellier-automne-6-454x303.jpg 454w, https:\/\/mariellemaury.fr\/wp-content\/uploads\/2020\/09\/robe-mariee-montpellier-automne-6-768x512.jpg 768w, https:\/\/mariellemaury.fr\/wp-content\/uploads\/2020\/09\/robe-mariee-montpellier-automne-6-75x50.jpg 75w, https:\/\/mariellemaury.fr\/wp-content\/uploads\/2020\/09\/robe-mariee-montpellier-automne-6-650x434.jpg 650w, https:\/\/mariellemaury.fr\/wp-content\/uploads\/2020\/09\/robe-mariee-montpellier-automne-6-1000x667.jpg 1000w, https:\/\/mariellemaury.fr\/wp-content\/uploads\/2020\/09\/robe-mariee-montpellier-automne-6-50x33.jpg 50w, https:\/\/mariellemaury.fr\/wp-content\/uploads\/2020\/09\/robe-mariee-montpellier-automne-6-600x400.jpg 600w, https:\/\/mariellemaury.fr\/wp-content\/uploads\/2020\/09\/robe-mariee-montpellier-automne-6.jpg 1024w\" sizes=\"auto, (max-width: 300px) 100vw, 300px\" \/><\/a><\/p>\n"},"caption":{"rendered":"<p><a href=\"https:\/\/mariellemaury.fr\/en\/robe-mariee-montpellier-automne-6-2\/\" class=\"more-link style3-button\">Read More<\/a><\/p>"},"alt_text":"robe de mariage en automne Paris","media_type":"image","mime_type":"image\/jpeg","media_details":{"width":1024,"height":683,"file":"2020\/09\/robe-mariee-montpellier-automne-6.jpg","filesize":171985,"sizes":{"woocommerce_thumbnail":{"file":"robe-mariee-montpellier-automne-6-255x360.jpg","width":255,"height":360,"filesize":29412,"uncropped":false,"mime_type":"image\/jpeg","source_url":"https:\/\/mariellemaury.fr\/wp-content\/uploads\/2020\/09\/robe-mariee-montpellier-automne-6-255x360.jpg"},"woocommerce_gallery_thumbnail":{"file":"robe-mariee-montpellier-automne-6-100x100.jpg","width":100,"height":100,"filesize":8152,"mime_type":"image\/jpeg","source_url":"https:\/\/mariellemaury.fr\/wp-content\/uploads\/2020\/09\/robe-mariee-montpellier-automne-6-100x100.jpg"},"woocommerce_single":{"file":"robe-mariee-montpellier-automne-6-454x303.jpg","width":454,"height":303,"filesize":37151,"mime_type":"image\/jpeg","source_url":"https:\/\/mariellemaury.fr\/wp-content\/uploads\/2020\/09\/robe-mariee-montpellier-automne-6-454x303.jpg"},"medium":{"file":"robe-mariee-montpellier-automne-6-300x200.jpg","width":300,"height":200,"mime_type":"image\/jpeg","source_url":"https:\/\/mariellemaury.fr\/wp-content\/uploads\/2020\/09\/robe-mariee-montpellier-automne-6-300x200.jpg"},"thumbnail":{"file":"robe-mariee-montpellier-automne-6-150x150.jpg","width":150,"height":150,"mime_type":"image\/jpeg","source_url":"https:\/\/mariellemaury.fr\/wp-content\/uploads\/2020\/09\/robe-mariee-montpellier-automne-6-150x150.jpg"},"medium_large":{"file":"robe-mariee-montpellier-automne-6-768x512.jpg","width":768,"height":512,"mime_type":"image\/jpeg","source_url":"https:\/\/mariellemaury.fr\/wp-content\/uploads\/2020\/09\/robe-mariee-montpellier-automne-6-768x512.jpg"},"blog-image-2":{"file":"robe-mariee-montpellier-automne-6-330x270.jpg","width":330,"height":270,"mime_type":"image\/jpeg","source_url":"https:\/\/mariellemaury.fr\/wp-content\/uploads\/2020\/09\/robe-mariee-montpellier-automne-6-330x270.jpg"},"carousel-thumb":{"file":"robe-mariee-montpellier-automne-6-75x50.jpg","width":75,"height":50,"mime_type":"image\/jpeg","source_url":"https:\/\/mariellemaury.fr\/wp-content\/uploads\/2020\/09\/robe-mariee-montpellier-automne-6-75x50.jpg"},"portfolio":{"file":"robe-mariee-montpellier-automne-6-650x406.jpg","width":650,"height":406,"mime_type":"image\/jpeg","source_url":"https:\/\/mariellemaury.fr\/wp-content\/uploads\/2020\/09\/robe-mariee-montpellier-automne-6-650x406.jpg"},"portfolio-masonry":{"file":"robe-mariee-montpellier-automne-6-650x434.jpg","width":650,"height":434,"mime_type":"image\/jpeg","source_url":"https:\/\/mariellemaury.fr\/wp-content\/uploads\/2020\/09\/robe-mariee-montpellier-automne-6-650x434.jpg"},"2col-portfolio":{"file":"robe-mariee-montpellier-automne-6-1000x625.jpg","width":1000,"height":625,"mime_type":"image\/jpeg","source_url":"https:\/\/mariellemaury.fr\/wp-content\/uploads\/2020\/09\/robe-mariee-montpellier-automne-6-1000x625.jpg"},"2col-portfolio-masonry":{"file":"robe-mariee-montpellier-automne-6-1000x667.jpg","width":1000,"height":667,"mime_type":"image\/jpeg","source_url":"https:\/\/mariellemaury.fr\/wp-content\/uploads\/2020\/09\/robe-mariee-montpellier-automne-6-1000x667.jpg"},"3col-portfolio-wide-height":{"file":"robe-mariee-montpellier-automne-6-650x683.jpg","width":650,"height":683,"mime_type":"image\/jpeg","source_url":"https:\/\/mariellemaury.fr\/wp-content\/uploads\/2020\/09\/robe-mariee-montpellier-automne-6-650x683.jpg"},"gallery":{"file":"robe-mariee-montpellier-automne-6-650x385.jpg","width":650,"height":385,"mime_type":"image\/jpeg","source_url":"https:\/\/mariellemaury.fr\/wp-content\/uploads\/2020\/09\/robe-mariee-montpellier-automne-6-650x385.jpg"},"gallery-masonry":{"file":"robe-mariee-montpellier-automne-6-650x434.jpg","width":650,"height":434,"mime_type":"image\/jpeg","source_url":"https:\/\/mariellemaury.fr\/wp-content\/uploads\/2020\/09\/robe-mariee-montpellier-automne-6-650x434.jpg"},"2col-gallery":{"file":"robe-mariee-montpellier-automne-6-1000x592.jpg","width":1000,"height":592,"mime_type":"image\/jpeg","source_url":"https:\/\/mariellemaury.fr\/wp-content\/uploads\/2020\/09\/robe-mariee-montpellier-automne-6-1000x592.jpg"},"2col-gallery-masonry":{"file":"robe-mariee-montpellier-automne-6-1000x667.jpg","width":1000,"height":667,"mime_type":"image\/jpeg","source_url":"https:\/\/mariellemaury.fr\/wp-content\/uploads\/2020\/09\/robe-mariee-montpellier-automne-6-1000x667.jpg"},"3col-gallery-wide-width":{"file":"robe-mariee-montpellier-automne-6-1024x350.jpg","width":1024,"height":350,"mime_type":"image\/jpeg","source_url":"https:\/\/mariellemaury.fr\/wp-content\/uploads\/2020\/09\/robe-mariee-montpellier-automne-6-1024x350.jpg"},"3col-gallery-wide-height":{"file":"robe-mariee-montpellier-automne-6-650x683.jpg","width":650,"height":683,"mime_type":"image\/jpeg","source_url":"https:\/\/mariellemaury.fr\/wp-content\/uploads\/2020\/09\/robe-mariee-montpellier-automne-6-650x683.jpg"},"tatsu_lazyload_thumb":{"file":"robe-mariee-montpellier-automne-6-50x33.jpg","width":50,"height":33,"mime_type":"image\/jpeg","source_url":"https:\/\/mariellemaury.fr\/wp-content\/uploads\/2020\/09\/robe-mariee-montpellier-automne-6-50x33.jpg"},"shop_catalog":{"file":"robe-mariee-montpellier-automne-6-300x300.jpg","width":300,"height":300,"mime_type":"image\/jpeg","source_url":"https:\/\/mariellemaury.fr\/wp-content\/uploads\/2020\/09\/robe-mariee-montpellier-automne-6-300x300.jpg"},"shop_single":{"file":"robe-mariee-montpellier-automne-6-600x400.jpg","width":600,"height":400,"mime_type":"image\/jpeg","source_url":"https:\/\/mariellemaury.fr\/wp-content\/uploads\/2020\/09\/robe-mariee-montpellier-automne-6-600x400.jpg"},"shop_thumbnail":{"file":"robe-mariee-montpellier-automne-6-100x100.jpg","width":100,"height":100,"mime_type":"image\/jpeg","source_url":"https:\/\/mariellemaury.fr\/wp-content\/uploads\/2020\/09\/robe-mariee-montpellier-automne-6-100x100.jpg"},"full":{"file":"robe-mariee-montpellier-automne-6.jpg","width":1024,"height":683,"mime_type":"image\/jpeg","source_url":"https:\/\/mariellemaury.fr\/wp-content\/uploads\/2020\/09\/robe-mariee-montpellier-automne-6.jpg"}},"image_meta":{"aperture":"0","credit":"Valerie RAYNAUD","camera":"","caption":"","created_timestamp":"1542706908","copyright":"Valerie RAYNAUD","focal_length":"0","iso":"0","shutter_speed":"0","title":"","orientation":"0","keywords":["Photographe mariage","Photographe mariage herault","Photographe mariage gard","Photographe mariage nature","lifestyle","valerie raynaud ","naturel","portraitiste","photographe naturel","la grande sieste","domaine la grande sieste","mariage gignac","mariage aniane","miss delph","atelier beaut\u00e9","marielle maury","en compagnie des perdrix","un air de fille","bijoux mariage","couronne de fleur","couronne de fleurs","botaniques et vieilles dentelles","botanique et vieilles dentelles","fleuriste mariage","d\u00e9coration mariage","automne","autumn bride","mari\u00e9e d'automne","mari\u00e9e en automne","jeanne dessart","L-R P\u00e2tisseries","P\u00e2tisseries mariage","mariage montpellier","mariage automne montpellier"]}},"post":null,"source_url":"https:\/\/mariellemaury.fr\/wp-content\/uploads\/2020\/09\/robe-mariee-montpellier-automne-6.jpg","_links":{"self":[{"href":"https:\/\/mariellemaury.fr\/en\/wp-json\/wp\/v2\/media\/12753","targetHints":{"allow":["GET"]}}],"collection":[{"href":"https:\/\/mariellemaury.fr\/en\/wp-json\/wp\/v2\/media"}],"about":[{"href":"https:\/\/mariellemaury.fr\/en\/wp-json\/wp\/v2\/types\/attachment"}],"author":[{"embeddable":true,"href":"https:\/\/mariellemaury.fr\/en\/wp-json\/wp\/v2\/users\/1"}],"replies":[{"embeddable":true,"href":"https:\/\/mariellemaury.fr\/en\/wp-json\/wp\/v2\/comments?post=12753"}]}}

atelier beauté

décoration mariage

mariée d'automne

mariée en automne

L-R Pâtisseries

Pâtisseries mariage
